h + -8).
2, 3
Let w(p) = 3*p**2 + 11*p - 102. What are the prime factors of w(-17)?
2, 17
List the prime factors of (-2 + -13)*(-5 - 5).
2, 3, 5
Suppose 3*h + 5*z + 1240 = 4510, 2*z = 2*h - 2164. List the prime factors of h.
5, 7, 31
Let s = 35 + -18. Let c = -3 - s. Let t = c + 33. List the prime factors of t.
13
Let s = 14 - 12. Suppose 92 = s*w - 186. List the prime factors of w.
139
Suppose -3*j - 41 = -158. Suppose 3*z - 6*z = -j. Suppose z = 3*x - 2*y - 6, x + 4*y = -17. What are the prime factors of x?
3
Let i = -217 - -592. What are the prime factors of i?
3, 5
Suppose u + 2 = -52. Let a = -14 - u. What are the prime factors of a?
2, 5
Suppose 4*q + 3*f = 7*q - 1395, -3*q - 4*f = -1402. What are the prime factors of q?
2, 233
Suppose -3*k - 2*s - 234 = 3*s, 0 = 3*s. What are the prime factors of (-8046)/k - 4/26?
103
Let u(m) = m**2 + 6*m - 12. Let v be u(-8). Suppose 0 = -2*f, 4*f = -v*b + 3*b + 74. List the prime factors of b.
2, 37
Let n = -61 - -64. Let z = n + 39. What are the prime factors of z?
2, 3, 7
Suppose 9*c - 96 = 10*c. Let z = c - -198. List the prime factors of z.
2, 3, 17
Let s(j) = 2*j**3 + 2*j**2 + 3*j + 3. Let h be s(3). Suppose -13*y + 9*y + h = 0. Suppose -3*m = -6*m + y. What are the prime factors of m?
7
Suppose -2*d + 5*k = 2*d - 1338, -2*d - 4*k = -656. Let o = d + -217. What are the prime factors of o?
5, 23
What are the prime factors of (-562)/(4 - 9 - (1 - 4))?
281
Let y(x) = x**2 + 2*x + 23. Let o(h) = 3*h**2 + 5*h + 68. Let a(n) = 6*o(n) - 17*y(n). What are the prime factors of a(8)?
7
Suppose b + 11 - 15 = 0. Suppose 5*i - 25 = 0, -b*d + 15 + 82 = i. What are the prime factors of d?
23
Suppose -19 = 3*p + 4*w - 53, p - 22 = -4*w. List the prime factors of p.
2, 3
Suppose 3*s + n = 3*n + 13, 13 = 5*s + n. Let l(j) = 0*j - 3 + 9*j - s*j. List the prime factors of l(2).
3
Let x(s) = -s**3 - 21*s**2 - 2*s + 27. List the prime factors of x(-22).
3, 5, 37
Suppose -512 + 2198 = 6*d. What are the prime factors of d?
281
Suppose n - 5*n + 184 = 0. Suppose -2*q = -g - 0*g - 25, 0 = 4*g + 5*q + 61. Let p = n + g. What are the prime factors of p?
3
Suppose 4*k = -2*z - 1 - 3, -14 = 2*k + 4*z. Suppose -52 = -14*o - 12*o. What are the prime factors of 20 - (o + -2 - k)?
3, 7
Let u be ((-85)/(1/1))/((-1)/3). Let f = u - 112. List the prime factors of f.
11, 13
Let s(c) = -c**3 - 25*c**2 + 71*c + 88. What are the prime factors of s(-28)?
2, 113
Suppose 5*d = 6*d + 12. Let b be 8/d - (-191)/3. Let s = b - 31. What are the prime factors of s?
2
Let n be 0 + -3 + -12 + 9. Let i(t) = -t**2 - 9*t - 12. Let p be i(n). Suppose 5*a + 14 = p*a. List the prime factors of a.
2, 7
Let a(j) = 19*j + 3678. List the prime factors of a(0).
2, 3, 613
Suppose 11*y = 12*y - 27. Let o = -10 - 13. Let s = o + y. What are the prime factors of s?
2
Let u(i) = -5*i + 2*i + 104*i**2 - 12 - 103*i**2. What are the prime factors of u(-7)?
2, 29
Suppose 4*c - 2 = 2*i, -i + 2 + 11 = 5*c. Suppose -i*k - 5 = -2*k. Let n(w) = 2*w**2 + 4*w - 2. List the prime factors of n(k).
2, 7
Let r(o) be the third derivative of o**4/8 - 5*o**3/3 - 3*o**2. Let k be r(6). What are the prime factors of k/2 + (19 - 0)?
23
Let j be 12/54 + (-659)/9. Let h = -25 - j. List the prime factors of h.
2, 3
Let f = -261 + 159. Let a = f - -156. What are the prime factors of a?
2, 3
Let l be (3 - 4) + 3 + 0. Suppose 0 = -2*b - 3*k + 65, l*k - 22 + 72 = b. Suppose 0*v = -4*v + b. What are the prime factors of v?
2, 5
Let q be ((-26076)/(-15))/4 + 9/(-15). Suppose q = 7*f - 714. List the prime factors of f.
2, 41
Let t(m) = m**2 - 6*m - 1. Let p be t(4). Let v = 14 + p. Suppose 0 = v*n - 2*x - 97, -11 = -4*n + 2*x + 67. List the prime factors of n.
19
Let q = 18 - 14. Suppose -q*z + 195 = -4*g - 197, g - 387 = -4*z. What are the prime factors of z?
97
List the prime factors of (-8)/(-18) - 35544/(-216).
3, 5, 11
Let l(u) = 6*u**2 + 9*u - 4. Let b be l(-9). Let j = -216 + b. List the prime factors of j.
5, 37
Let z = 7858 + -1545. List the prime factors of z.
59, 107
Let s(f) = f**3 - 21*f**2 - f - 15. Let x be s(22). Let a = 684 - x. List the prime factors of a.
3, 79
Let y(g) = 6*g**3 - 2*g**2 + g. Suppose 2*m = 6*m - 4. Let j be y(m). Suppose 40 = 3*x + q - 27, x - j*q - 33 = 0. List the prime factors of x.
23
Suppose 0 = -3*l - 11 + 101. Let f be (-4)/l - 1155/(-225). Suppose 0*p - p + 17 = q, -f = q. What are the prime factors of p?
2, 11
Let x = 262 + 298. List the prime factors of x.
2, 5, 7
Suppose -20862 = -35*g + 29*g. List the prime factors of g.
3, 19, 61
Let a(q) = 2*q - 10. Let p be a(5). Let x be -16 - p - 4 - 0. Let b = x - -28. List the prime factors of b.
2
Let a(x) = x**2 + 15*x + 16. Let f be a(-14). Let q(h) = 0*h**f - 6 - h + 9 + 2*h**2 - 3*h**2. What are the prime factors of q(0)?
3
Suppose 4*v - 2241 = 859. List the prime factors of v.
5, 31
Let x be ((-32)/(-24))/(2/6). Suppose -170 = -5*p + 3*b, -2*p - b = p - 102. Suppose x*i - p = 3*i. What are the prime factors of i?
2, 17
Let z be 4 - (0 - (2 + -3)). Let h = -33 + z. Let t = -20 - h. List the prime factors of t.
2, 5
Let p(i) = -i**2 + 14*i + 14. Let q be p(14). Suppose 212 = q*c - 10*c. List the prime factors of c.
53
Let q be 1/4 - 1372/(-16). Let j = q - -103. What are the prime factors of j?
3, 7
Let h(z) = -z**2 - 3*z + 7. Let k be h(-5). Let g be k - (-74)/(-2) - 2. Let r = 73 + g. What are the prime factors of r?
31
Let k(h) be the third derivative of h**5/15 - h**4/2 + h**3/3 - 9*h**2. What are the prime factors of k(8)?
2, 3
What are the prime factors of 57236*9/108 - 1/(-3)?
2, 3, 5, 53
Suppose 4*g - 5618 = -2*k, g - 3*k - 5603 = -3*g. List the prime factors of g.
23, 61
Let v = -1 + 4. Suppose 4*u + v = -5*k, k = -u - 0*k. List the prime factors of u.
3
Let t(v) = -v**3 - 7*v**2 + 4*v - 2. Let h be t(-9). What are the prime factors of (-1)/(((-2)/h)/1)?
2, 31
Let u = -445 - -204. Let p = u + 523. Suppose -5*h + p = -18. List the prime factors of h.
2, 3, 5
Suppose 3*p - 323 = h, p - 3*h - 537 = -4*p. Let t = p - 44. List the prime factors of t.
2
What are the prime factors of 8 + -5 + -8 + 2491?
2, 11, 113
Suppose -2*m + p = -13, 3*m - 8 = m + 2*p. Let t = m - -26. What are the prime factors of t?
5, 7
List the prime factors of 4055 - (490/(-125) - (-12)/(-150)).
3, 11, 41
List the prime factors of 4012/10 + 10 + (-322)/35.
2, 3, 67
What are the prime factors of 530/318 - (-3908)/6?
653
Suppose 8*i - 2264 = -888. Suppose m = 5*m - i. List the prime factors of m.
43
Let o(w) = 182*w**2 + w + 1. Let i be o(-1). Suppose v = 3*u + i, 3*v - u = 4*u + 526. Let q = v + -119. List the prime factors of q.
2, 3
Let u = -14 + 9. Let f = u + 2. Let h(i) = 3*i**2 + 3*i. What are the prime factors of h(f)?
2, 3
Suppose 16 = -4*k, -4*k = -4*a - 2*k + 20. Suppose -j + t = -67, -a*j + 11*t - 7*t = -199. What are the prime factors of j?
3, 23
Let v = 29 - -146. List the prime factors of v.
5, 7
Let v be (-5)/20 + (-186)/(-8). Suppose 2*k = 5*b + 10, 0 = -0*k + k + 2*b - v. List the prime factors of 95/2 - k/(-10).
7
Suppose 0 = -4*m - 2*y + 46, -4*m - 2*y = y - 47. Let d = 660 + -644. Let a = d - m. List the prime factors of a.
5
Let f(h) = h**3 - 9*h**2 + h - 5. Let s be f(9). Let m = 49 + -2. Suppose -j + m = s*u, 7*j - 4*j - 141 = 5*u. List the prime factors of j.
47
Let t be (-9)/(-3)*((-20)/6)/5. What are the prime factors of (-1 + 31)*((-1)/t + 2)?
3, 5
Suppose 0 = -3*z + 2*z - 4. Let s(m) be the third derivative of -7*m**4/24 - m**3 + m**2 + 57*m. What are the prime factors of s(z)?
2, 11
Let z(d) = -d**2 - 12*d - 9. Let t be z(-11). Suppose -16 = -2*w - t*w. Suppose 0 = -w*a - 0*a - 20, -2*a + 17 = o. List the prime factors of o.
3
Let a(y) = y**2 + 2*y - 4. Let z(p) = p**2 + 8*p + 3. Let n be 322/(-49) + (-6)/14. Let l be z(n). List the prime factors of a(l).
2
Let v be (-9)/1*(-234)/(-27). Let n = v + 38. Let l = n + 59. What are the prime factors of l?
19
Let o = -11 - -15. Suppose m + o*t = -4, 5*m - 5 = m + 5*t. Suppose -5*a + 84 + 41 = m. List the prime factors of a.
5
Let m = 23 + 556. List the prime factors of m.
3, 193
Let s(g) = 48*g + 508. List the prime factors of s(6).
2, 199
Suppose 3*r + 4*a + 0*a + 29 = 0, 4*r + 27 = -3*a. List the prime factors of ((-178)/r)/((-40)/(-60)).
89
Let